/30 - g**4/8 - 4*g**2. Let k(x) be the second derivative of p(x). Determine k(-5).
-1
Suppose 0 = -2*a + 7 - 5. Suppose 3*v + a = 4*w, 3*v - 4*w - 4 = -5*w. Let s(u) = -3*u + 1. Determine s(v).
-2
Let z(l) = 8*l - 9. Let a(k) = k. Let f(s) = -6*a(s) + z(s). Let o(g) = g + 1. Let j be o(2). Suppose -2*n = j*n - 30. Give f(n).
3
Suppose -l = -1 - 5. Let q(t) = -t + 6 + 5*t**2 - l*t - 4*t**2. Determine q(7).
6
Let a(g) = -g**3 + 2*g**2 + 2*g - 6. Let v(d) = 5*d**3 - 9*d**2 - 9*d + 23. Let k(c) = -9*a(c) - 2*v(c). Let n(q) = -2*q + 8. Let r be n(4). Calculate k(r).
8
Let n(r) = 2*r + 17. Let y be n(-7). Let i(q) be the first derivative of 2*q**3/3 - q**2/2 - 2*q + 2. Give i(y).
13
Let l(h) = -5*h + 6*h**2 + 3*h + 6 - 7. What is l(-1)?
7
Suppose -4*i - i = 2*w - 21, -4*i - 28 = -4*w. Let t(k) = k**2 - 7*k - 4. Determine t(w).
4
Let d(q) = 6*q - 11. Let c(p) = -p + 2. Let l(i) = -11*c(i) - 2*d(i). Let k = -165 - -166. Determine l(k).
-1
Suppose 2*f + y = 4*f + 9, 5*y - 35 = 5*f. Let s(l) = -l**3 - 3*l**2 - 2*l - 1. What is s(f)?
-1
Let s(p) = -9 + 1 - p + 0*p. What is s(-6)?
-2
Let c(b) be the first derivative of -b**4/4 + 2*b**3/3 - 3*b**2/2 + 22. Let h = 3 - 1. Calculate c(h).
-6
Let o(w) = w**2 - 4*w + 1. Let c be o(5). Let q(v) = v - 2*v + v**3 + c - 2*v - 3*v**2. Calculate q(4).
10
Let p be ((-1)/2)/1*-6. Suppose -4*s + 0*s = -12. Let g(n) = -n**3 + p + 0*n - s*n - 4*n**2 + 4*n. Give g(-4).
-1
Let y(o) = 4*o**3 + 2*o**2 - 7*o + 8*o - o**2 - 22 - 5*o**3. Calculate y(0).
-22
Let r(i) = -i**2 + 3. Suppose 5*a = 3*t + 3, 2*t + 14 = 2*a + 4*t. Determine r(a).
-6
Suppose 2*j + 5*w - 37 = 0, -33 = -4*j + j - 3*w. Let z(q) be the second derivative of -q**5/20 + q**4/2 + q**3/3 - 4*q**2 - 32*q. Determine z(j).
4
Let q(m) = -m**2 - 4*m - 5. Let d be (-10*2)/(-4 + 2). Let c be d/(-1)*9/(-15). Let s be (3 + (-22)/6)*c. Determine q(s).
-5
Let r(l) be the second derivative of -l**5/60 + 5*l**4/24 - 2*l**2 + l. Let a(j) be the first derivative of r(j). What is a(5)?
0
Let p(c) = c - 6. Suppose 0 = -0*l - 3*l + 18. Calculate p(l).
0
Let n(d) = d**3 + 4*d**2 - 4*d + 7. Let s be n(-5). Let t(l) be the second derivative of 0 + 1/3*l**3 + s*l + 1/2*l**2. What is t(-1)?
-1
Let t(j) = -3*j - 29. Let i(m) = -m - 10. Let k(l) = -17*i(l) + 6*t(l). What is k(-5)?
1
Let z(u) be the third derivative of -u**8/6720 + u**7/504 - u**6/180 + u**5/20 - u**4/12 + 4*u**2. Let h(d) be the second derivative of z(d). Give h(4).
6
Let l(f) = -f**3 + 2*f**2 - 4*f - 2. Let i(u) = -2*u**3 + 4*u**2 - 9*u - 4. Let b(d) = 6*i(d) - 13*l(d). What is b(2)?
-2
Let v(x) be the third derivative of -x**5/60 - 7*x**4/24 - x**3/3 + 9*x**2. Give v(-5).
8
Let a(t) = t + 1. Let s(m) = 5*m + 10. Let c(n) = -10*a(n) + s(n). Suppose 2*u - 6*u + 5 = -5*f, 5*u = 0. Give c(f).
5
Let x(p) be the first derivative of p**4/12 - p**3/3 + p**2/2 + 3. Let n(m) be the second derivative of x(m). What is n(5)?
8
Let y(j) = -j - 3. Let z be y(-6). Let s(k) = -2 + 0 + 0 + 5*k. What is s(z)?
13
Let j(w) = -2*w**2 - 24*w + 3. Let d be j(-12). Let m(p) be the first derivative of 1/4*p**4 + 2/3*p**d - 2 - 3/2*p**2 - 3*p. What is m(-3)?
-3
Let v(l) = -l**2 - 14*l - 10. Let n be ((-1)/((-9)/(-78)))/(4/6). Calculate v(n).
3
Let l be (-3)/2*(8 - 4 - 6). Let f(n) = -3*n**2 + 5*n - 3. Calculate f(l).
-15
Let l(y) = -2*y + 4 + y**2 - 13 + 8 + 2. Suppose -3*o + 0*o = -12. Give l(o).
9
Let t(j) = j**2 + 8 - j**2 - j - j**3 - 7. Suppose -u + 4*x - 13 = -2, x = 4*u - 1. Calculate t(u).
-1
Suppose -4*x = -3*f - 5, -x + 10 = x. Let n(g) = -2*g + 3. What is n(f)?
-7
Suppose 3*m - 2 = -5. Let c(t) be the first derivative of 0*t - 3*t**4 - 3 - 1/2*t**2 - 1/3*t**3. Determine c(m).
12
Let o(c) = 9*c + 2 - 6 - 8*c - 4*c. Calculate o(3).
-13
Let k(q) = 4 - 3 - q**2 - 2*q - 4*q**2. Suppose -3*d = d - 4. Calculate k(d).
-6
Let s(k) = k**3 - 4*k**2 + 2*k - 3. Let x be s(4). Suppose 5*n + x = 5*l, -n = -0*n + 5*l - 11. Let b(j) = -8 + j**2 + 2*j + j**2 - j**2 + n. Give b(-5).
8
Let z(h) be the first derivative of -5*h**3/3 - h - 9. What is z(-1)?
-6
Suppose 5*u + z + 84 = 2*z, 0 = -5*u - 4*z - 64. Let s be (u/10)/((-6)/15). Let m be (-2*1)/(s/(-6)). Let l(n) = n - 7. Give l(m).
-4
Suppose 2*p - 7*p = 3*r - 2, -4*r + 3*p + 22 = 0. Let i(y) = -6*y - 3 + r*y + 4 + 2. What is i(4)?
-5
Suppose 0*g - 18 = 3*g. Let i(v) = -6*v + 5. Let t(b) be the second derivative of -5*b**3/6 + 5*b**2/2 + 7*b. Let d(y) = g*i(y) + 7*t(y). What is d(-4)?
1
Let q(u) = u**3 - 2*u**2. Let n(x) = 5*x**3 - 11*x**2. Let k(o) = 2*n(o) - 11*q(o). Suppose 3*f - 3 + 0 = 0. Give k(f).
-1
Let l(o) = -4*o + 1. Let b(x) = -7*x + 2. Let w(y) = 6*b(y) - 11*l(y). Suppose 2*c = 0, 5*c = -z + 6*z - 25. Give w(z).
11
Let i(v) = 10*v + 11. Let u(f) = -f - 1. Let o = -53 - -9. Let k(c) = o*u(c) - 4*i(c). Let a = -2 - -4. Give k(a).
8
Let r(h) = h + 13. Let m be r(-7). Let c(i) = -i + 2. What is c(m)?
-4
Let g = -2 + 4. Let r be g + -2 + 2 + 1. Let c(j) be the first derivative of j**4/4 - j**3 - j**2/2 + 3*j - 1. Determine c(r).
0
Let i(y) = -12*y**2 + 14*y**2 + y**3 + 6 - 3 - y. Let f = -4 - -1. Give i(f).
-3
Let n(g) = -g**2. Let m be n(-2). Let h(y) = -9*y**2 - 14*y - 10. Let x(u) = -5 + 3*u**2 - 7*u**2 - 6*u - u**2 - u. Let r(d) = 3*h(d) - 5*x(d). Determine r(m).
-9
Let d(l) = -l**2 - 2*l. Let p = -5 - -9. Suppose -3*s + 15 = 2*h - 6*h, 2*s + 13 = -5*h. Let y = s - p. What is d(y)?
-3
Let l(z) be the first derivative of z**2/2 + 2*z + 3. Let q(n) = -n**3 + 6*n**2 - 2*n + 8. Let a be q(6). What is l(a)?
-2
Suppose 9 = -5*n - 4*a, -3*n = 4*a - 2 + 1. Let t = n - -7. Let o(v) = 0 - 2*v - t - v + 2*v. Give o(-1).
-1
Let g(m) = -1. Let a(k) = k**3 + 6*k**2 + 5*k - 6. Let f(c) = a(c) - 4*g(c). Let t(d) = d**2 - 13*d + 7. Let z be t(12). Determine f(z).
-2
Let t(b) = 33 - b + 41 - 73 + b**3 + 5*b**2. What is t(-5)?
6
Let p(z) be the second derivative of 1/2*z**2 + 4*z - 1/20*z**5 + 5/12*z**4 - 1/3*z**3 + 0. What is p(4)?
9
Let c(r) be the third derivative of -r**7/840 - r**4/24 - r**3/6 - 3*r**2. Let g(v) be the first derivative of c(v). Determine g(-1).
0
Let v = 0 + 2. Let k(h) = 6*h**v - 3 - 2*h + 0 - 5 + 7. Determine k(-1).
7
Let f be (-4)/10 + (-54)/(-10). Suppose f*t + 7 - 22 = 0. Let b(g) = g + 2. Determine b(t).
5
Let b = -9 - -3. Let l(x) = x**2 + 6*x - 5. Calculate l(b).
-5
Let u(g) = g**2 + 5*g - 6. Let a be (-1)/(-2)*(-30)/3. Calculate u(a).
-6
Let q(r) = -r - 4. Let l be q(-4). Let d(w) = 3*w - 7. Let h(b) = -16*b + 36. Let j(c) = -11*d(c) - 2*h(c). What is j(l)?
5
Let m(a) = 5*a - 20. Let v be m(4). Let w(l) = 7*l**3 + 6*l - 20. Let n(d) = -20*d**3 - 17*d + 59. Let q(c) = -6*n(c) - 17*w(c). What is q(v)?
-14
Let o(m) = -2*m + 6. Let t be (-24 + 9)/(6/(-2)). Determine o(t).
-4
Let q(s) = s**2 + 3*s + 5. Let v be 3 + -6 + 3 + -3. Let r be q(v). Let h(o) = o**2 - 5*o - 7. Determine h(r).
-7
Let d(t) = -5*t**2 + t - 1. Suppose 4*y - 2*y = -20. Let i be (y/15)/((-4)/6). What is d(i)?
-5
Let b(t) = -t**2 - 5*t + 4. Suppose -2*a + 7*a = -25. Give b(a).
4
Let u(q) = -5*q. Suppose -x + 13 = 2*j, -x + 3*j = -2*j + 22. Suppose x = a - 2. Suppose -a*o + 1 = -4*o. Give u(o).
-5
Let p be 4 - ((-12)/54 + (-38)/(-9)). Let v(i) = 6*i**2 - 16*i - 41. Let x(m) = m**2 - 3*m - 8. Let g(o) = -2*v(o) + 11*x(o). Give g(p).
-6
Let w(r) = -r**3 - 4*r**2 - r - 4. Let y be w(-4). Let b(h) = -2. Let m(k) = -k - 9. Let s(t) = -6*b(t) + m(t). Calculate s(y).
3
Let i(t) = 8*t**3 - 4 - 3*t**2 - 5*t**3 - 4*t**3 - t. Let f be i(-3). Let a(r) = 5*r**2 + r + 1. What is a(f)?
5
Suppose 0 = 5*z - 14 - 6. Let c(s) = s + 2. Calculate c(z).
6
Let j(o) = 0*o**3 + 0*o**3 - 2 + o**3 + 3*o**2 - o**2. Determine j(-2).
-2
Let u(s) be the second derivative of s**5/20 - s**4/4 - s**3/6 - s**2/2 + 4*s. Give u(4).
11
Let i(z) = z**2 + 7*z - 1. Let x be i(-7). Let l(g) be the first derivative of 0*g - 2/3*g**3 - 1/2*g**2 + 4. What is l(x)?
-1
Let f(k) = -5*k**2 - k. Suppose 7 = 2*b - 11. Let c be 3/(b/(-12)) + 3. What is f(c)?
-4
Let q(i) = -i**3 + 10*i**2 + 5*i - 14. Let g(l) = l - 1. Let x(p) = 3*g(p) - q(p). What is x(10)?
-9
Let x(n) be the third derivative of -7*n**6/120 - n**3/6 - 14*n**2. Calculate x(1).
-8
Let z(p) be the third derivative of -p**4/6 + 2*p**3/3 - 3*p**2 + 8*p. Suppose -4*c + 0*c + 12 = 0. Suppose i + k = 